 13425 and 6800?
25
What is the highest common divisor of 202772 and 30644?
652
Calculate the highest common factor of 1776 and 8536862.
74
What is the greatest common divisor of 12 and 298598019?
3
Calculate the greatest common divisor of 647061285 and 507.
507
Calculate the greatest common divisor of 832725 and 20025.
225
Calculate the highest common factor of 11001496 and 22.
22
What is the highest common factor of 153587 and 1323?
7
What is the greatest common factor of 36395 and 14259561?
7279
Calculate the greatest common divisor of 15187667 and 22.
11
Calculate the highest common factor of 10 and 208409770.
10
Calculate the highest common factor of 305998 and 66.
22
Calculate the highest common divisor of 15418473 and 833.
119
Calculate the highest common factor of 279 and 81962667.
279
What is the greatest common factor of 823680666 and 6?
6
What is the highest common factor of 322972 and 30602?
26
What is the greatest common divisor of 850 and 7569607?
17
What is the highest common divisor of 106 and 69745297?
53
Calculate the highest common divisor of 112482 and 8127866.
4166
Calculate the greatest common divisor of 3519 and 2826.
9
What is the greatest common factor of 82404792 and 48?
24
What is the highest common factor of 4588542 and 79422?
2562
What is the highest common divisor of 190005 and 30002865?
3585
Calculate the highest common divisor of 30618 and 1414476.
378
Calculate the highest common factor of 11244 and 34056.
12
What is the highest common divisor of 6 and 38520717?
3
What is the highest common factor of 120 and 45724005?
15
Calculate the highest common divisor of 105909 and 215.
43
What is the greatest common divisor of 567 and 2009639646?
567
What is the highest common divisor of 138915842 and 182?
26
Calculate the highest common divisor of 918905 and 469.
67
What is the highest common divisor of 235929 and 54?
3
Calculate the greatest common divisor of 207466895 and 170.
85
What is the greatest common divisor of 576333 and 1485?
9
What is the highest common factor of 648 and 100746504?
648
What is the greatest common divisor of 561353 and 12187465?
1489
Calculate the greatest common factor of 8091963 and 1881.
99
What is the greatest common divisor of 66 and 27227442?
66
Calculate the highest common factor of 9094949 and 101.
101
Calculate the highest common divisor of 51 and 883641.
3
Calculate the highest common factor of 200 and 16990840.
40
Calculate the highest common factor of 144572 and 341436.
3076
Calculate the highest common factor of 231925075 and 16140.
1345
What is the highest common divisor of 377850 and 7425?
825
Calculate the highest common factor of 916 and 433701726.
458
What is the highest common factor of 109692 and 9820481?
3047
What is the highest common divisor of 2195 and 80692151?
439
What is the highest common divisor of 6998276 and 4?
4
What is the greatest common divisor of 255 and 380698935?
255
What is the greatest common divisor of 30 and 9915?
15
What is the highest common factor of 1125 and 64840275?
225
What is the greatest common divisor of 539 and 31999?
11
What is the greatest common divisor of 38880279 and 56703?
1383
What is the greatest common divisor of 125 and 2451125?
125
Calculate the highest common divisor of 596908 and 962.
26
Calculate the greatest common factor of 1126989192 and 7836.
7836
Calculate the highest common divisor of 466029 and 12834849.
2931
Calculate the highest common factor of 3310842 and 10074.
438
What is the highest common divisor of 2987270 and 264550?
1430
Calculate the greatest common divisor of 18527 and 271793.
191
What is the highest common factor of 15 and 936668715?
15
What is the highest common divisor of 212163 and 27363?
21
What is the highest common divisor of 8 and 37131176?
8
Calculate the greatest common divisor of 80 and 5016288.
16
Calculate the highest common divisor of 777627 and 3061206.
2241
Calculate the greatest common factor of 360 and 9984420.
180
What is the highest common divisor of 3043 and 184191?
179
Calculate the highest common divisor of 4232 and 765704.
8
Calculate the greatest common divisor of 136681037 and 7113.
2371
Calculate the highest common factor of 444643 and 5548.
73
What is the greatest common divisor of 2115022 and 3458?
182
What is the highest common factor of 963 and 24460735?
107
Calculate the greatest common factor of 61 and 72291893.
61
What is the highest common factor of 824 and 1499783?
103
Calculate the greatest common factor of 306240 and 847120.
80
Calculate the highest common divisor of 19683 and 2711637.
243
What is the greatest common divisor of 735 and 186308535?
735
What is the highest common factor of 73008 and 85072?
208
What is the greatest common divisor of 54 and 47452212?
18
What is the greatest common factor of 76703022 and 2070?
414
What is the highest common divisor of 20400365 and 2?
1
What is the highest common divisor of 143 and 13209317?
11
What is the greatest common factor of 57643 and 177?
59
What is the greatest common divisor of 703574 and 82198?
146
Calculate the greatest common factor of 17425574 and 246.
82
Calculate the highest common divisor of 50004 and 8136.
36
Calculate the greatest common factor of 1105920 and 187904.
512
Calculate the highest common factor of 692 and 25307132.
692
What is the greatest common divisor of 204555607 and 1129?
1129
What is the greatest common divisor of 1305 and 10889442?
261
What is the greatest common factor of 34195148 and 2752?
172
What is the highest common divisor of 15319296 and 1280?
256
What is the greatest common factor of 103793 and 268561?
271
What is the highest common divisor of 8247 and 858229553?
2749
Calculate the greatest common divisor of 2994820 and 1309720.
2740
Calculate the greatest common divisor of 1467 and 57783174.
489
Calculate the highest common factor of 21719190 and 570.
30
Calculate the greatest common factor of 26376 and 1712085.
471
What is the greatest common divisor of 259064 and 221699?
2491
What is the greatest common divisor of 192 and 104136?
24
Calculate the highest common divisor of 247 and 23890771.
19
Calculate the highest common factor of 1393 and 174957019.
199
Calculate the greatest common factor of 2330851 and 113.
113
Calculate the highest common factor of 45 and 1015629.
3
Calculate the greatest common divisor of 45285151 and 15059.
1369
Calculate the highest common factor of 249 and 39271118.
83
What is the greatest common factor of 3169098 and 1602?
18
Calculate the greatest common divisor of 3249 and 2945513.
19
Calculate the greatest common divisor of 84433 and 8046832.
3671
Calculate the greatest common factor of 35151981 and 3105.
69
Calculate the greatest common factor of 121952 and 42772.
148
Calculate the greatest common factor of 316944 and 13968.
144
Calculate the highest common factor of 4529 and 35570766.
4529
Calculate the greatest common divisor of 11658048 and 4.
4
Calculate the highest common divisor of 42531922 and 16675.
667
Calculate the highest common divisor of 175 and 8040620.
35
What is the greatest common divisor of 1032172 and 102?
34
Calculate the greatest common factor of 758508296 and 728.
728
What is the greatest common factor of 498972 and 76884?
516
Calculate the greatest common divisor of 30656 and 74376.
8
Calculate the highest common divisor of 63296 and 1214400.
1472
What is the greatest common factor of 3401207 and 841?
29
What is the greatest common factor of 84660 and 139025?
415
What is the greatest common divisor of 656 and 6566396?
164
What is the greatest common factor of 1102700 and 412?
4
Calculate the greatest common factor of 12190966 and 46.
46
What is the highest common divisor of 519384 and 68952?
408
Calculate the highest common factor of 32078 and 11954.
86
Calculate the highest common divisor of 135575769 and 42.
21
What is the greatest common divisor of 8348 and 348?
4
Calculate the highest common factor of 6189382 and 7718.
454
Calculate the highest common divisor of 18 and 313298181.
9
Calculate the greatest common divisor of 85064 and 32237198.
686
What is the highest common divisor of 45090 and 435180?
30
What is the greatest common factor of 8895 and 840426285?
8895
What is the greatest common divisor of 270 and 33570